-- https://www.phpmyadmin.net/
--
-- Waktu pembuatan: 15 Okt 2022 pada 17.01
-- Versi server: 10.4.22-MariaDB
-- Versi PHP: 7.4.27

START TRANSACTION;



--
-- Database: `zona_lapor`
--

-- --------------------------------------------------------

--
-- Struktur dari tabel `kecamatan`
--

CREATE TABLE `kecamatan` (
  `id_kecamatan` int(11) NOT NULL,
  `kecamatan` varchar(100) NOT NULL
) ENGINE=InnoDB DEFAULT CHARSET=utf8mb4;

--
-- Dumping data untuk tabel `kecamatan`
--

INSERT INTO `kecamatan` (`id_kecamatan`, `kecamatan`) VALUES
(10, 'Harjamukti'),
(11, 'Kesambi'),
(12, 'Lemahwungkuk'),
(13, 'Kejaksan'),
(14, 'Pekalipan');

-- --------------------------------------------------------

--
-- Struktur dari tabel `kelurahan`
--

CREATE TABLE `kelurahan` (
  `id_kelurahan` int(11) NOT NULL,
  `kelurahan` varchar(100) NOT NULL,
  `id_kecamatan` int(11) NOT NULL
) ENGINE=InnoDB DEFAULT CHARSET=utf8mb4;

--
-- Dumping data untuk tabel `kelurahan`
--

INSERT INTO `kelurahan` (`id_kelurahan`, `kelurahan`, `id_kecamatan`) VALUES
(60, 'Argasunya', 10),
(61, 'Harjamukti', 10),
(62, 'Kalijaga', 10),
(63, 'Kecapi', 10),
(64, 'Larangan', 10),
(65, 'Kebonbaru', 13),
(66, 'Kejaksan', 13),
(67, 'Kesenden', 13),
(68, 'Sukapura', 13),
(69, 'Drajat', 11),
(70, 'Karyamulya', 11),
(71, 'Kesambi', 11),
(72, 'Pekiringan', 11),
(73, 'Sunyaragi', 11),
(74, 'Kesepuhan', 12),
(75, 'Lemahwungkuk', 12),
(76, 'Panjunan', 12),
(77, 'Pegambiran', 12),
(78, 'Jagasatru', 14),
(79, 'Pekalangan', 14),
(80, 'Pekalipan', 14),
(81, 'Pulasaren', 14);

-- --------------------------------------------------------

--
-- Struktur dari tabel `log`
--

CREATE TABLE `log` (
  `id_log` int(11) NOT NULL,
  `isi_log` text NOT NULL,
  `tgl_log` datetime NOT NULL,
  `id_user` int(11) NOT NULL
) ENGINE=InnoDB DEFAULT CHARSET=utf8mb4;

--
-- Dumping data untuk tabel `log`
--

INSERT INTO `log` (`id_log`, `isi_log`, `tgl_log`, `id_user`) VALUES
(22, 'Kecamatan Harjamukti berhasil ditambahkan', '2022-10-14 12:29:35', 1),
(23, 'Kecamatan Kesambi berhasil ditambahkan', '2022-10-14 12:29:43', 1),
(24, 'Kecamatan Lemahwungkuk berhasil ditambahkan', '2022-10-14 12:30:29', 1),
(25, 'Kecamatan Kejaksan berhasil ditambahkan', '2022-10-14 12:30:36', 1),
(26, 'Kecamatan Pekalipan berhasil ditambahkan', '2022-10-14 12:30:42', 1),
(27, 'Kelurahan Argasunya berhasil ditambahkan', '2022-10-14 12:31:23', 1),
(28, 'Kelurahan Harjamukti berhasil ditambahkan', '2022-10-14 12:31:36', 1),
(29, 'Kelurahan Kalijaga berhasil ditambahkan', '2022-10-14 12:31:47', 1),
(30, 'Kelurahan Kecapi berhasil ditambahkan', '2022-10-14 12:31:54', 1),
(31, 'Kelurahan Larangan berhasil ditambahkan', '2022-10-14 12:32:02', 1),
(32, 'Kelurahan Kebonbaru berhasil ditambahkan', '2022-10-14 16:26:28', 1),
(33, 'Kelurahan Kejaksan berhasil ditambahkan', '2022-10-14 16:26:38', 1),
(34, 'Kelurahan Kesenden berhasil ditambahkan', '2022-10-14 16:27:08', 1),
(35, 'Kelurahan Sukapura berhasil ditambahkan', '2022-10-14 16:27:21', 1),
(36, 'Kelurahan Drajat berhasil ditambahkan', '2022-10-14 16:27:33', 1),
(37, 'Kelurahan Karyamulya berhasil ditambahkan', '2022-10-14 16:27:44', 1),
(38, 'Kelurahan Kesambi berhasil ditambahkan', '2022-10-14 16:27:52', 1),
(39, 'Kelurahan Pekiringan berhasil ditambahkan', '2022-10-14 16:28:01', 1),
(40, 'Kelurahan Sunyaragi berhasil ditambahkan', '2022-10-14 16:28:12', 1),
(41, 'Kelurahan Kesepuhan berhasil ditambahkan', '2022-10-14 16:28:33', 1),
(42, 'Kelurahan Lemahwungkuk berhasil ditambahkan', '2022-10-14 16:28:43', 1),
(43, 'Kelurahan Panjunan berhasil ditambahkan', '2022-10-14 16:28:51', 1),
(44, 'Kelurahan Pegambiran berhasil ditambahkan', '2022-10-14 16:29:06', 1),
(45, 'Kelurahan Jagasatru berhasil ditambahkan', '2022-10-14 16:29:15', 1),
(46, 'Kelurahan Pekalangan berhasil ditambahkan', '2022-10-14 16:29:29', 1),
(47, 'Kelurahan Pekalipan berhasil ditambahkan', '2022-10-14 16:29:38', 1),
(48, 'Kelurahan Pulasaren berhasil ditambahkan', '2022-10-14 16:29:45', 1),
(49, 'Masyarakat ria berhasil dihapus', '2022-10-15 20:12:37', 1),
(50, 'Pengguna fuad dengan jabatan operator berhasil ditambahkan', '2022-10-15 20:15:07', 1),
(51, 'Tanggapan laporan kami terima, kami akan pelajari lebih lanjut, \r\napakah laporan ini valid atau tidak,\r\napabila valid, laporan akan kami tindaklajuti\r\nterima kasih banyak untuk partisipasi nya. berhasil ditambahkan', '2022-10-15 21:33:17', 1),
(52, 'Tanggapan maaf, laporan yang anda buat ternyata tidak valid, terima kasih. berhasil ditambahkan', '2022-10-15 21:35:59', 3);

-- --------------------------------------------------------

--
-- Struktur dari tabel `pengaduan`
--

CREATE TABLE `pengaduan` (
  `id_pengaduan` int(11) NOT NULL,
  `isi_laporan` text NOT NULL,
  `tgl_pengaduan` datetime NOT NULL,
  `foto` varchar(500) DEFAULT 'default.png',
  `status_pengaduan` enum('belum_ditanggapi','proses','valid','pengerjaan','selesai','tidak_valid') NOT NULL DEFAULT 'belum_ditanggapi',
  `id_masyarakat` int(11) NOT NULL,
  `id_kelurahan` int(11) NOT NULL
) ENGINE=InnoDB DEFAULT CHARSET=utf8mb4;

--
-- Dumping data untuk tabel `pengaduan`
--

INSERT INTO `pengaduan` (`id_pengaduan`, `isi_laporan`, `tgl_pengaduan`, `foto`, `status_pengaduan`, `id_masyarakat`, `id_kelurahan`) VALUES
(6, 'pungli pada kua', '2022-10-15 21:08:49', 'bluebanner.png', 'tidak_valid', 8, 75);

-- --------------------------------------------------------

--
-- Struktur dari tabel `saran`
--

CREATE TABLE `saran` (
  `id_saran` int(11) NOT NULL,
  `nama` varchar(100) NOT NULL,
  `no_telepon` varchar(20) NOT NULL,
  `alamat` text NOT NULL,
  `saran` text NOT NULL,
  `tgl_saran` datetime NOT NULL
) ENGINE=InnoDB DEFAULT CHARSET=utf8mb4;

--
-- Dumping data untuk tabel `saran`
--

INSERT INTO `saran` (`id_saran`, `nama`, `no_telepon`, `alamat`, `saran`, `tgl_saran`) VALUES
(2, 'Fuad Hasan', '0818201820', 'kota cirebon', 'Jalankan terus Zona Integritas nya', '2022-10-14 16:25:19');

-- --------------------------------------------------------

--
-- Struktur dari tabel `tanggapan`
--

CREATE TABLE `tanggapan` (
  `id_tanggapan` int(11) NOT NULL,
  `isi_tanggapan` text NOT NULL,
  `tgl_tanggapan` datetime NOT NULL,
  `status_tanggapan` enum('proses','valid','pengerjaan','selesai','tidak_valid') NOT NULL,
  `foto_tanggapan` varchar(500) NOT NULL DEFAULT 'default.png',
  `id_pengaduan` int(11) NOT NULL,
  `id_user` int(11) NOT NULL
) ENGINE=MyISAM DEFAULT CHARSET=utf8mb4;

--
-- Dumping data untuk tabel `tanggapan`
--

INSERT INTO `tanggapan` (`id_tanggapan`, `isi_tanggapan`, `tgl_tanggapan`, `status_tanggapan`, `foto_tanggapan`, `id_pengaduan`, `id_user`) VALUES
(20, 'maaf, laporan yang anda buat ternyata tidak valid, terima kasih.', '2022-10-15 21:35:59', 'tidak_valid', 'default.png', 6, 3),
(19, 'laporan kami terima, kami akan pelajari lebih lanjut, \r\napakah laporan ini valid atau tidak,\r\napabila valid, laporan akan kami tindaklajuti\r\nterima kasih banyak untuk partisipasi nya.', '2022-10-15 21:33:17', 'proses', 'default.png', 6, 1);

--
-- Indexes for dumped tables
--

--
-- Indeks untuk tabel `kecamatan`
--
ALTER TABLE `kecamatan`
  ADD PRIMARY KEY (`id_kecamatan`);

--
-- Indeks untuk tabel `kelurahan`
--
ALTER TABLE `kelurahan`
  ADD PRIMARY KEY (`id_kelurahan`),
  ADD KEY `id_kecamatan` (`id_kecamatan`);

--
-- Indeks untuk tabel `log`
--
ALTER TABLE `log`
  ADD PRIMARY KEY (`id_log`),
  ADD KEY `id_user` (`id_user`);

--
-- Indeks untuk tabel `pengaduan`
--
ALTER TABLE `pengaduan`
  ADD PRIMARY KEY (`id_pengaduan`),
  ADD KEY `id_masyarakat` (`id_masyarakat`),
  ADD KEY `id_kelurahan` (`id_kelurahan`);

--
-- Indeks untuk tabel `saran`
--
ALTER TABLE `saran`
  ADD PRIMARY KEY (`id_saran`);

--
-- Indeks untuk tabel `tanggapan`
--
ALTER TABLE `tanggapan`
  ADD PRIMARY KEY (`id_tanggapan`),
  ADD KEY `id_user` (`id_user`),
  ADD KEY `id_pengaduan` (`id_pengaduan`);

--
-- AUTO_INCREMENT untuk tabel yang dibuang
--

--
-- AUTO_INCREMENT untuk tabel `kecamatan`
--
ALTER TABLE `kecamatan`
  MODIFY `id_kecamatan` int(11) NOT NULL AUTO_INCREMENT, AUTO_INCREMENT=15;

--
-- AUTO_INCREMENT untuk tabel `kelurahan`
--
ALTER TABLE `kelurahan`
  MODIFY `id_kelurahan` int(11) NOT NULL AUTO_INCREMENT, AUTO_INCREMENT=82;

--
-- AUTO_INCREMENT untuk tabel `log`
--
ALTER TABLE `log`
  MODIFY `id_log` int(11) NOT NULL AUTO_INCREMENT, AUTO_INCREMENT=53;

--
-- AUTO_INCREMENT untuk tabel `pengaduan`
--
ALTER TABLE `pengaduan`
  MODIFY `id_pengaduan` int(11) NOT NULL AUTO_INCREMENT, AUTO_INCREMENT=7;

--
-- AUTO_INCREMENT untuk tabel `saran`
--
ALTER TABLE `saran`
  MODIFY `id_saran` int(11) NOT NULL AUTO_INCREMENT, AUTO_INCREMENT=3;

--
-- AUTO_INCREMENT untuk tabel `tanggapan`
--
ALTER TABLE `tanggapan`
  MODIFY `id_tanggapan` int(11) NOT NULL AUTO_INCREMENT, AUTO_INCREMENT=21;
COMMIT;

